on divisor of s and 12.
6
Suppose -t = -6*t. Suppose 3*d - 2*d - 1 = t. What is the highest common divisor of d and 1?
1
Suppose -5*s + 2*x + 14 = -8, -15 = -5*s - 5*x. Let r(h) = -h**3 + 5*h**2 + 9*h + 3. Let m be r(s). Calculate the highest common divisor of 22 and m.
11
Let d = -16 + 35. Let j(g) = g**3 + 3*g**2 + g - 4. Let i be j(-2). Let f be (i - (-2 + -213)) + 2*-2. Calculate the greatest common divisor of f and d.
19
Suppose -8*d = -7*d - 4. Suppose n - 208 = -d*b, -b + 4*b = 6. Calculate the highest common factor of 20 and n.
20
Suppose 4165 = 5*r - 4*s, -4*r - 833 = -5*r - 4*s. Calculate the greatest common divisor of r and 49.
49
Suppose -3*p = -8*p + 15. Let z = 5 - p. Suppose -z*c = -2*t + 308, -t + 2*c = -34 - 121. Calculate the greatest common divisor of t and 17.
17
Let l(h) = 4*h - 36. Let z(q) = 7*q - 72. Let c(u) = 5*l(u) - 3*z(u). Let s be c(32). What is the highest common factor of 8 and s?
4
Let t(k) = -7*k**2 + 134*k + 44. Let y be t(19). What is the greatest common factor of y and 14?
7
Let t(v) = -3*v**2 + 10*v - 8. Let w(y) = -4*y**2 + 9*y - 8. Let i(n) = 3*t(n) - 2*w(n). Let j be i(11). What is the highest common divisor of j and 3?
3
Let f(x) = -x**3 + 9*x**2 + 13*x - 12. Let t be f(10). What is the highest common factor of 576 and t?
18
Let v = 102 - 18. Suppose 2*y = -y + v. Calculate the greatest common factor of 7 and y.
7
Let t = 22 - 20. Suppose 0 = t*o + 4*a - 3*a - 23, 5*o - 38 = 4*a. What is the highest common divisor of o and 1?
1
Suppose -5*k + 388 = 108. Let m = 545 + -537. Calculate the highest common divisor of m and k.
8
Let x be (6 - 9) + -2 + (6 - 2). Let v be x*220/16*-4. What is the greatest common factor of 11 and v?
11
Suppose 0 = u - 7 - 8. Suppose -u = -0*g - g. Suppose -1489*i + 1504*i = 75. What is the highest common divisor of i and g?
5
Suppose -31199 = -118*o + 30161. What is the greatest common factor of o and 312?
104
Suppose c = -2*u + 32, 2*u - 6*c + 2*c - 52 = 0. Suppose d = -i + u, -5*d = i + 2*i - 82. What is the highest common divisor of 28 and d?
14
Let p be (24/40 - (-3)/(-5)) + 3. Let y be 4/14 + 33/7. Suppose y*a = 2*c + 315, 2*a + 3*c = p*a - 63. Calculate the greatest common factor of 7 and a.
7
Let w(m) = -4*m - 2*m - 6 - 2*m. Let z be w(-5). Suppose 3*q - z - 74 = 0. Calculate the highest common factor of q and 9.
9
Let x = -85 - -261. Calculate the highest common divisor of 48 and x.
16
Let u be (20/12)/(2 - 15/9). What is the greatest common divisor of 3 and u?
1
Let c = -159 + 68. Let f = c - -111. What is the highest common factor of 20 and f?
20
Let i(x) = 1 - x - 2*x - 2*x. Let q(l) = -14*l + 3. Let m(o) = -11*i(o) + 4*q(o). Let g be m(-2). Calculate the highest common divisor of g and 1.
1
Let t = 1808 - 1476. What is the highest common divisor of t and 747?
83
Let b(a) = 16*a + 293. Let o be b(-10). Calculate the highest common factor of 35 and o.
7
Let a be 12/5*(244/8 + -3). What is the greatest common divisor of 6 and a?
6
Suppose 2*v = -3*p + 17, 14 + 3 = 5*v - p. Suppose -11*f = -13*f + v. Let y be f - (2 - 5) - -4. Calculate the highest common divisor of 63 and y.
9
Let o(l) = l**2 + 4*l - 300. Let b be o(17). Calculate the highest common factor of 779 and b.
19
Suppose b - 2808 = -b + 4*t, -3*b + 4237 = -t. Calculate the greatest common divisor of 14 and b.
14
Suppose 15*k = 16*k - 2. Suppose 4*i = -k*u + 182, -3*u + 8*u = 5*i - 205. Calculate the greatest common divisor of i and 4.
4
Let a be 1007*(21/(-189))/((-2)/18). Calculate the highest common divisor of 53 and a.
53
Let h(l) = 4*l + 2*l**2 - 11*l + 5 - l. Let j(i) = i**2 - 3*i + 2. Let u(q) = -3*h(q) + 8*j(q). Let x be u(1). What is the highest common factor of x and 18?
3
Suppose 1878 - 114 = 18*u. What is the highest common factor of u and 42?
14
Let r(i) = -2*i + 4. Let h be r(0). Suppose -3*d = -g + h, 2*d - 32 = -5*g + 5. Let n = 11 - g. What is the highest common divisor of 16 and n?
4
Let j be (-425)/10*8/(-10). Let a = j + -26. Calculate the greatest common factor of a and 72.
8
Suppose 0*a - 3 = 2*a - 5*m, 0 = 3*a - m - 28. Let d(r) = -6*r - 1. Let c be d(1). Let p be (1 - -1)/(c + 9). What is the greatest common factor of a and p?
1
Let j = -2 - 0. Let g be 2 + 39*j/(-2). Suppose -g = 3*q - 113. Calculate the greatest common divisor of q and 12.
12
Let q(c) = 2 + c**2 + 3*c + 16*c**2 + 0*c. Let h be q(-1). Calculate the greatest common divisor of h and 64.
16
Let b = 313 + -299. Calculate the greatest common divisor of b and 7.
7
Suppose -3*b = 3*p - 21, -3*b + 6 = -p - 23. Calculate the highest common factor of b and 171.
9
Let k = 13 - 57. Let t = -7 - k. What is the greatest common factor of 185 and t?
37
Let r be (-26)/(-39)*(-1 - -10). Let l be 6*(9/(-3) - -11). What is the highest common factor of r and l?
6
Let g = -15 - -205. Let a = 146 + g. What is the highest common factor of 48 and a?
48
Suppose -24*g - 5*g = -1827. What is the greatest common divisor of g and 168?
21
Let c = 50 + -25. Suppose 0 = -4*p + 1447 + 2021. Suppose -5*o + 2*i + p = 0, -2*o + i = 2*o - 696. What is the greatest common factor of o and c?
25
Suppose -21 = -13*z + 16*z. Let h = z + -7. Let a = 19 + h. Calculate the highest common divisor of 40 and a.
5
Suppose -2*x = -0*x + 2*m - 12, 12 = x + 3*m. Let p = -7 - 3. Let t be ((-4)/p)/(x/270). Calculate the highest common factor of 54 and t.
18
Suppose 0 = 3*a - 2 - 34. What is the greatest common divisor of 96 and a?
12
Let j(r) = 23*r - 108. Let o be j(5). Suppose -35 = 5*q - 140. What is the greatest common divisor of q and o?
7
Suppose -2 + 0 = j. Let r be j/(-1) + 26 + 30/15. What is the highest common factor of r and 20?
10
Let b(z) = -z**3 + 22*z**2 - 72*z - 39. Let m be b(16). Calculate the highest common factor of m and 69.
69
Let u(c) = c**2 - c - 4. Let q be u(3). Suppose -11 = 8*o - 19. Calculate the greatest common factor of o and q.
1
Suppose 3*u - f = -36 + 192, -4*f = 0. Calculate the greatest common divisor of u and 13.
13
Suppose -12*h + 14*h = 68. Suppose 2 = j - 2. Suppose -5*a + 4*l = -a - 212, -j*l = 2*a - 94. What is the highest common factor of a and h?
17
Suppose -r + 2*r - 4 = 0. Suppose r*j - 4 = 5*j. Let k be 8/4*(-14)/j. What is the highest common divisor of k and 49?
7
Suppose 6*n - 4*n = 3*q - 13, -3*q + 12 = -3*n. Suppose -5*t + 429 = 4*d, -q*t + 5*d + 421 = d. What is the greatest common factor of 34 and t?
17
Let p be 1020/50 - (-2)/(-5). Let r(x) = 13*x - 48. Let s be r(6). What is the greatest common divisor of p and s?
10
Suppose 0 = -3*d - 11*d + 70. Calculate the greatest common factor of d and 195.
5
Let f(b) be the first derivative of b**4/4 + 14*b**3/3 - 15*b**2/2 + b + 11. Let k be f(-15). Calculate the highest common divisor of k and 11.
1
Let l(d) = -37*d - 2. Let v be l(-1). Let c be (-28)/v + (-736)/(-20). What is the highest common factor of c and 8?
4
Let r be ((-479927)/14)/(-17) + 3/(-6). What is the highest common factor of r and 42?
42
Let g(r) = r + 5. Let q be g(-4). Suppose -4*w + 0*h + h + 40 = 0, -3*h - 12 = 0. Suppose w*i - 14 = 7*i. What is the highest common divisor of q and i?
1
Let u = 554 - 509. What is the greatest common factor of 36 and u?
9
Let r = 39 - 6. Suppose 4*j + 0*j = 0. Suppose -x + 4*x - r = j. Calculate the greatest common divisor of 55 and x.
11
Let l = 1364 + -708. What is the highest common factor of l and 41?
41
Suppose 24 = 41*w - 29*w. Let f be -1 + w + 3 - (-6 - -1). Calculate the greatest common factor of f and 63.
9
Let u = 65 - 69. Let r be (4 - (4 + -164)) + u. Calculate the greatest common factor of 20 and r.
20
Let m be ((-2)/(-4))/(2/44). Suppose -97 = -3*v + m. Calculate the greatest common factor of 24 and v.
12
Suppose 0 = -3*g + 14 + 10. Let o(i) = 9*i**2 - 5*i + 4. Let z be o(3). Let v = z + -38. What is the greatest common divisor of v and g?
8
Let i = -2 + 39. Suppose i = p - 3. Calculate the greatest common factor of p and 5.
5
Let d be 0 + 38 - (2 - 5). Let i = -22 + d. Let s = i - -21. Calculate the greatest common divisor of 8 and s.
8
Let j = 39 - -4. Let c = j - 41. Calculate the greatest common divisor of 1 and c.
1
Suppose 0 = 3*l - 3*j - 21 + 12, 4*l - 3 = -5*j. Let w(s) = s**3 + 6*s**2 + 7*s + 4. Let a be w(-4). Calculate the greatest common facto